divided by r.
53
Suppose -28*o + 82497 = 14*o + 65*o. Calculate the remainder when o is divided by 250.
21
Suppose -6 = 2*c, 4*m - 2*m - c = 11. Suppose 25 = -3*h + 43. Let d(z) = 12*z - 59. What is the remainder when d(h) is divided by m?
1
Let o(p) = 2*p**3 + p**2 + 8*p. Let u be o(6). Suppose -u = -6*m - 0*m. Suppose 9*i + 5 - m = 0. What is the remainder when i is divided by 5?
4
Let r(a) = a**2 - 2*a - 2. Suppose -419*q + 5*b - 62 = -420*q, -116 = -4*q + 2*b. Calculate the remainder when q is divided by r(5).
6
Suppose -2636 = -9*i + 127. Calculate the remainder when i is divided by 3/(-9)*((-4)/(-2) - 188).
59
Suppose -5*t + d + 1691 = 0, -7*t = -11*t + 2*d + 1354. Let b = t - 313. Calculate the remainder when 93 is divided by b.
18
Suppose -15 = -3*h, -3*h + 822 = 2*i - 7*h. Suppose -4*q - 3*y = 2*y - i, -4*y = -3*q + 277. Calculate the remainder when q is divided by 45.
9
Suppose -5*i = 3*w - 63, 5*w - w + 3*i = 95. What is the remainder when 60/(-40)*(4134/(-18) + 7) is divided by w?
22
Let n(u) = u**3 + 19*u**2 + 27*u + 3. Calculate the remainder when 968 is divided by n(-17).
114
Let p(i) = -4*i - 112. Let l be p(-30). Calculate the remainder when ((-55)/2)/5*-4 is divided by (99/(-27) + l)*3*1.
9
Let i(s) = 2*s**3 - 4*s**2 + 2*s - 7. Calculate the remainder when 142 is divided by i(3).
6
Let y(z) = -z**3 - 10*z**2 - 15*z - 20. Let i = -324 + 491. Calculate the remainder when i is divided by y(-9).
31
What is the remainder when -8229*(-7 - (20/(-3) - 0)) is divided by 683?
11
Let g = 329 + -221. Let n = g + -58. Suppose 4*v - 11 = -3*r + 26, -5*r + 27 = 4*v. Calculate the remainder when n is divided by v.
11
Calculate the remainder when (1908/60)/((-26)/(-195)*(-3)/(-58)) is divided by 243.
237
Suppose 4*r + 449*u - 90 = 447*u, -3*u = -r + 19. Calculate the remainder when 405 is divided by r.
9
Suppose -3*t + 73 = 2*l, 0 = 5*l - 4*t - t - 220. Let u = -44 + 44. Suppose 6*s - 91 + 19 = u. What is the remainder when l is divided by s?
5
Suppose 0 = 3*w, -2*w - 1339 - 219 + 12 = -2*v. What is the remainder when v is divided by 198?
179
Suppose -3*x + 3*h + 1959 = 0, -1777 = -4*x + h + 853. What is the remainder when 2637 is divided by x?
1
Calculate the remainder when 20259 - (1 - 40/(-2)) is divided by 173.
170
Let h(j) = j**3 + 6*j**2 + 4*j - 3. Let c be h(-5). Suppose 4*t - 107 = c*b + b, 2*t + 4*b = 48. What is the remainder when t is divided by 9?
8
Let u(h) = h**3 - 4*h**2 - 5*h + 5. Let m be u(5). Suppose m*n = 91 - 61. What is the remainder when 34 is divided by ((-14)/(-6))/(n/18)?
6
Let m(i) = 350*i**2 - 4*i + 1. Let c be m(1). Let o = 505 - c. What is the remainder when 14 is divided by o/18 - (-22)/99?
5
Let q(g) = 91*g - 1176. Calculate the remainder when q(13) is divided by 1.
0
Suppose 0 = 3*s - 121 - 35. Suppose 0 = -5*m - l + 44, -l = 5*m + 2*l - s. Let g(z) = -z**2 + 13*z + 249. What is the remainder when g(-10) is divided by m?
3
What is the remainder when 110/(-33) - (-3224)/6 - 14/2 is divided by 58?
5
Suppose -15*k + 551 = 4*k. Suppose k*h + 221 = 42*h. What is the remainder when 82 is divided by h?
14
Let o be (-16 - -1)/((-3)/34). Suppose 0*p - o = -5*p. Let z = -7594 + 7695. Calculate the remainder when z is divided by p.
33
Let y(z) = -4*z + 65. Let t = 1447 + -1321. What is the remainder when t is divided by y(12)?
7
Let o be (692/(-10))/((-3)/5)*6. Suppose -6*w = -o - 340. Suppose 0 = 4*x + z - w + 34, -2*x + 2*z + 64 = 0. What is the remainder when 168 is divided by x?
32
Let p = -338 + 241. Let k = -30 - p. What is the remainder when k is divided by 23?
21
Suppose 4*v = 3*f - 39, v + 46 - 7 = 4*f. Suppose 4*i + 8*s - 4*s - 288 = 0, -s = 2*i - 146. Calculate the remainder when i is divided by 50*(45/10)/f.
24
Let i(v) = v - 5. Let x be i(7). Let o(u) = 1 + 2*u + 11*u + u**x + 16 - u. What is the remainder when 66 is divided by o(-12)?
15
Let l be 32/72 + 2732/9. Suppose -3*q + 763 = 4*o, l = 2*q + 4*o - 210. What is the remainder when q is divided by 9?
6
Suppose 13 = -10*x + 33. Suppose 3*g = t - 39, 53*t + x*g - 94 = 51*t. What is the remainder when t is divided by 23?
22
Suppose -4*w + 496 = 4*f - 0*w, 0 = -w. Let p be 1*(-88)/(-15) - 898/(-6735). Suppose 0 = p*o - 158 - f. Calculate the remainder when o is divided by 10.
7
Suppose 0*f + f = -w + 82, -f + 94 = 4*w. What is the remainder when (-24024)/f*1/(-4) is divided by 25?
2
Let f be 2/12 + 233992/48 + 7. Suppose f = 14*a - 3420. What is the remainder when a is divided by 11?
10
Suppose 122 - 147 = -5*m. Suppose 6*g - m*g - 4*t = 19, 4*t = 2*g - 30. What is the remainder when 54 is divided by g?
10
Suppose 3*s = -13 + 10. Calculate the remainder when 75 is divided by s - (15 + 15/(-5))*-1.
9
Suppose -453*j + 457*j - 79 = 117. What is the remainder when 2840 is divided by j?
47
Let o(b) = -4*b**3 - 3*b**2 - 4*b - 2. Let w be o(-1). Suppose 25*c - 31*c = -12. What is the remainder when 91 is divided by ((-5)/(-15))/((c - w)/(-69))?
22
Let f = -190 - -193. Suppose -g + 2*w + 14 = 0, 2*w = -3*g - 1 + f. Calculate the remainder when 6 is divided by g.
2
Let v = 4759 + -4700. What is the remainder when 697 is divided by v?
48
Let f(g) = 193*g - 856. Calculate the remainder when 366 is divided by f(5).
39
Calculate the remainder when 170 is divided by ((-2178)/(-968))/((-2)/(-24)).
8
Let w(n) = -39*n + 25. Let v be w(-12). Let u = v + -314. What is the remainder when u is divided by 18?
17
Let d(p) = p**2 + 202*p + 3644. Suppose -u + 2*c + 64 = -24, -2*c = 5*u - 416. Calculate the remainder when d(-18) is divided by u.
80
Suppose -h + 3*v = -59, -21*h + 18*h - 5*v = -261. What is the remainder when 604 is divided by h?
65
Let d(s) = 2*s - 18. Let g(m) = -m - 2. Let w be g(-15). Let z be d(w). Suppose 10*j - 98 = z*j. What is the remainder when j is divided by 20?
9
Suppose 310*c - 46249 = 21331. What is the remainder when 224 is divided by c?
6
Let o(z) = -783*z + 41562. What is the remainder when o(53) is divided by -1 + (2/2 - -33)?
30
Let k = 129 - 44. Suppose 3*i - 3*n = 51, -i - n = 4*i - k. Let x = i - -51. Calculate the remainder when x is divided by 14.
12
Suppose -26*u + 24*u - 2*d = -1630, d - 1629 = -2*u. Calculate the remainder when u is divided by 20.
14
Suppose 558 + 37 = 5*d. Suppose 4*a - 43 = n, -3*a = 3*n + 2*n - 15. Let w(j) = j**3 - 13*j**2 + 33*j. What is the remainder when d is divided by w(a)?
29
Let i(c) = -c**2 - 191*c + 1825. What is the remainder when (-6)/(-4)*(1 + (-2 - -47)) is divided by i(9)?
19
Suppose -38*a = -24*a - 1204. Let r = 168 - 139. Calculate the remainder when a is divided by r.
28
Let h be -12 - (11 + -7)*-2. What is the remainder when 34 is divided by -3 + 5 + -2 + (-8)/h?
0
Suppose 6*q + 77 = -13. What is the remainder when 253 is divided by 31/2 + q/(-10) + 0?
15
Let b(l) = -l**3 - 10 + 8 + 15 - 13*l**2 - 11*l + 8. Let f be b(-12). Suppose f*o - 180 = -o. What is the remainder when 35 is divided by o?
17
Let o(f) = f**2 + 17*f - 17. Let r(i) = -i**2 - 20*i + 16. Let l(v) = -7*o(v) - 6*r(v). What is the remainder when 119 is divided by l(-3)?
9
Suppose -4*z - 16 = -172. What is the remainder when z is divided by 9/((-1512)/(-14))*108?
3
Suppose -5*g + 422 = -3733. Suppose 0 = 10*r - g + 141. What is the remainder when r is divided by (-18)/8*(-16)/1?
33
Let y(m) = -18*m + 95. Let x(u) = 2*u. Let r(a) = -5*x(a) - y(a). Calculate the remainder when 142 is divided by r(13).
7
Suppose 0 = -16*p + 413 + 629 - 290. Calculate the remainder when p is divided by 8.
7
Let p = 558 - 542. Suppose -138 = -p*f + 6. What is the remainder when 53 is divided by f?
8
Let l = 3219 - 3041. Calculate the remainder when 2846 is divided by l.
176
Suppose 6*u = 61*u - 5*u - 2450. Calculate the remainder when u is divided by (34/8)/(5/20).
15
Suppose 3*z = 2*y - 72, -2*y - 142 = -5*y - 4*z. What is the remainder when ((-5)/(75/(-234)))/(50/375) is divided by y?
33
Suppose 0 = -20*t + 16*t + 6376. What is the remainder when t is divided by 145?
144
Suppose 14 = -5*a + 3*y + 13, 4*a + 17 = -3*y. Let q = 104 - 14. Calculate the remainder when 50 is divided by (0 + a/(-3))/(20/q).
2
Let t = -2891 - -3001. Calculate the remainder when t is divided by 56.
54
Suppose -5*f - 4*i + 3381 = -5370, 3*f - 4*i = 5225. What is the remainder when